j. Calculate the greatest common divisor of 24 and u.
24
Suppose 175*m = 353*m - 175*m - 1335. What is the greatest common factor of m and 120?
5
Let v = -456 + 778. Suppose 0 = -761*d + 410*d + 8073. Calculate the greatest common divisor of v and d.
23
Suppose 4*t - 40 + 8 = -5*d, 3*t = -d + 24. Suppose -200 = -5*a - 5*p, -160 = -4*a - 9*p + t*p. What is the greatest common divisor of a and 100?
20
Let r(u) = -91*u - 639. Let g be r(-22). What is the greatest common divisor of 232 and g?
29
Let p = -233 + 252. Let h be p/(6*(-5)/(-30)). Calculate the greatest common factor of h and 152.
19
Let p = -4483 + 4744. Calculate the greatest common divisor of 9 and p.
9
Suppose 0 = -5*k + t + 307, -2*k - 4*t + 58 = -34. Suppose 3*a - 120 = a. Suppose d = -3*d + a. Calculate the highest common factor of k and d.
15
Let w(p) be the first derivative of -8/3*p**3 - 1/4*p**4 - 3*p**2 + 4 - 2*p. Let r be w(-8). Calculate the greatest common factor of r and 506.
46
Let o be (-27)/6*(-15160)/60*15/3. Calculate the highest common factor of o and 45.
15
Let o be (-1 + 0)/(3/(-312)). Suppose -8*f - 5418 = -52*f + 1446. What is the highest common factor of o and f?
52
Let h = -23579 + 59924. Calculate the highest common factor of h and 15.
15
Let b = 1949 + -1323. Let k = b + -518. What is the greatest common divisor of 48 and k?
12
Let a(k) = k**2 + 22*k + 196. Let r be a(-32). What is the highest common divisor of 588 and r?
12
Let h = -4651 - -4658. What is the greatest common divisor of 3990 and h?
7
Suppose 983*v = 962*v + 10584. Calculate the greatest common factor of 128 and v.
8
Let u(i) = -8*i + 12. Let v be u(3). Let r be (-9)/(2/(32/v)). What is the highest common factor of 12 and r?
12
Suppose -4*n + 9*x = 13*x - 68, -3*n - 2*x + 50 = 0. Suppose -4*c = -8 - 16. Calculate the greatest common factor of c and n.
2
Let o be (69/92)/((-1)/(-880)). Let g be ((-76)/10)/(4/(o/(-3))). What is the greatest common divisor of 38 and g?
38
Let l(z) = -79*z - 50. Let y be l(-4). Calculate the highest common factor of 1106 and y.
14
Let t be -1 + 4 - ((-2009)/49 + 27). What is the greatest common factor of t and 34?
17
Let k(j) = j**2 + 5*j - 94. Suppose 3*d - 54 = 3*b, -d - 4*b = -b - 18. Let x be k(d). Calculate the highest common divisor of 5 and x.
5
Suppose 0 = 11*u - 12*u + 140. Let j(v) be the second derivative of v**3/6 + 10*v**2 + 4*v. Let a be j(0). What is the highest common divisor of u and a?
20
Suppose 0 = 77*d + 70*d - 42*d - 26040. Calculate the greatest common divisor of d and 22.
2
Let u be 0/2 - ((1 - -3) + -12). Let z be (-2)/(-4)*(3 - -13)/u. Suppose -1 = -3*a - q, q - 6*q = 3*a + 7. Calculate the greatest common factor of a and z.
1
Let p = 5881 + -5225. What is the greatest common divisor of p and 128?
16
Let y be (0/(-2) + 7)*(-57 - -46). Let i be 225/33 - 14/y. What is the greatest common divisor of 175 and i?
7
Let a be (17/(-2))/((-147)/882). Let v = 148 - 63. What is the greatest common divisor of a and v?
17
Let q be 3 + 1 + 4/4. Let j be ((-4 - 3) + 9)/(-2) + 126. What is the greatest common factor of q and j?
5
Let t(p) = p**3 + p**2 - 16*p - 37. Let y be t(11). What is the greatest common factor of 21 and y?
21
Let d = 47 + -40. Suppose -3*l - 14 - 1 = 0, 2*b - 21 = 3*l. Let h be (b/6)/(d/1078). Calculate the greatest common divisor of 7 and h.
7
Let w(s) = 56*s + 4. Suppose 0 = -4*o + 9 - 5. Let c be w(o). Suppose 0 = -3*i - i + c. What is the greatest common factor of 120 and i?
15
Let p(j) = -6*j**2 + 15*j - 9. Let m(a) = a - 1. Let d(o) = -6*m(o) - p(o). Let w be d(4). Calculate the greatest common divisor of 45 and w.
9
Let z = -7406 - -7417. Suppose 2*i = 2*o - 154, -o + 3*i = -2*o + 77. What is the highest common factor of z and o?
11
Suppose -5*v = -4*b + 695, -4*v - 8 + 12 = 0. Calculate the highest common divisor of 100 and b.
25
Let p(m) = -497*m - 1958. Let x be p(-4). What is the greatest common divisor of 2710 and x?
10
Suppose 3 = -f, 5*m - 21*f - 13 = -25*f. Suppose q - 16 = -m*t, -2*q + 20 = 3*t - 5. Calculate the highest common factor of q and 22.
11
Suppose -2*z + 4*y + 504 = 0, -517*z = -513*z + 4*y - 1092. Calculate the greatest common divisor of 8436 and z.
38
Suppose 56 = -5*b + 6. Let k(h) = 13*h**2 + 41*h - 22. Let t be k(b). What is the greatest common factor of t and 28?
28
Suppose d + 4 = -3*x + 19, -5*d + 5*x - 25 = 0. Suppose -6*z + 16 = -2*z, d = -5*w + 5*z + 95. What is the greatest common factor of 253 and w?
23
Let c be -2*((-38)/4 + 2). Let a(d) = 18 + 9 - 7*d - 4*d + 9*d + d. Let q be a(c). What is the greatest common divisor of 24 and q?
12
Let x be 9/((-252)/16) + 52272/189. What is the greatest common factor of x and 768?
12
Let v = 226 - 224. Let o be ((-1)/(-2))/((-3)/(-216)). Suppose -v*p = -8*p + o. What is the highest common divisor of 6 and p?
6
Suppose v = -f - 4*f - 2, -2*f = 5*v - 13. Suppose 6 = p + 2*x, -1 = p + 5*x + 2. What is the greatest common factor of p and v?
3
Suppose 54*p = -119*p - 80*p + 25047. Calculate the greatest common divisor of 1221 and p.
33
Suppose -3*t + t + 42 = 0. Let m(u) = -u**3 + 8*u**2 + 11*u - 11. Let g be m(9). Let d = 10 - g. What is the greatest common divisor of d and t?
3
Suppose -202733 = 103*x + 91*x - 904237. Calculate the greatest common factor of x and 24.
8
Let d(l) = 23*l + 2. Let q be d(2). Let y be 15/3 - (16 - 15). Suppose -4*g - 324 = -h, 5*h - 1665 = g + y*g. Calculate the highest common divisor of h and q.
48
Suppose -g + 4*s = 1, 3*g + 0*s = -4*s - 3. Let t be (g + -16)*1 - 4. Let f = 33 + t. What is the greatest common divisor of f and 144?
12
Suppose 8*h + 108763 = -26037. Let s be h/(-75) + (-2)/3. Calculate the greatest common factor of 32 and s.
32
Let o(a) = -20*a - 300. Let u be o(-39). What is the greatest common factor of u and 20?
20
Suppose -3 = 5*z + 392. Let f = z + 96. Calculate the greatest common factor of 1 and f.
1
Suppose 0 = 31*t - 7*t - 2208. Suppose -13*v + t = -259. What is the greatest common factor of v and 12?
3
Let n = 5191 + -1874. What is the greatest common factor of 31 and n?
31
Let t(b) = 1 - 10 + 10 + 6*b**2. Let w be t(-1). Suppose -w*c + 88 = c. What is the greatest common divisor of c and 44?
11
Let w(z) = -140*z + 4704. Let m be w(31). What is the greatest common divisor of 1118 and m?
26
Suppose -2*p + 2*m + 257 = -113, -p - m + 191 = 0. Calculate the highest common divisor of 141 and p.
47
Suppose 8*n - 1186 = 1262. Suppose 0 = 9*v - 5*v - g - n, -5*g = v - 66. What is the greatest common divisor of v and 19?
19
Suppose 5*p + 598*x - 600*x - 39 = 0, -5*p = x - 93. Suppose -3*z = -5*o + 285, 17 = -o + 4*z + 57. What is the greatest common factor of p and o?
15
Let u(d) = 3*d - 11. Let a be 2/(2/3) - (9 - 19). Let t be u(a). What is the greatest common factor of 56 and t?
28
Suppose 21*v = 0, 6*a + 4*v - 34 = 4*a. Let b(s) = -3*s**3 + 4*s**2 - 3*s + 3. Let q be b(-5). Calculate the highest common divisor of a and q.
17
Let j = -28 + 1260. Suppose 4*i = 2*v - j, 4*i = -2*v + i + 1246. What is the greatest common factor of v and 20?
20
Let v = 121 - 89. Let i be (279/36)/(2*2/v). Calculate the greatest common factor of i and 434.
62
Let t be 394/6 - 1/(-3). Suppose 0 = -4*r, -6*m + 132 = -39*r + 40*r. What is the greatest common divisor of t and m?
22
Suppose -6*w - 16566 = -17995 - 87737. Calculate the greatest common factor of 77 and w.
77
Suppose 4680 = -678*w + 708*w. Calculate the highest common factor of w and 1209.
39
Let j be ((-42)/2)/((-4)/28). Let k be -9 + ((-4)/28 - 18/21). Let v be (-104)/(-5) - k/50. What is the highest common factor of j and v?
21
Suppose 5*b - 113 = -2*f, 5*f = 3*f - 3*b + 119. Let n = -39 - -95. Calculate the greatest common divisor of f and n.
8
Let d = -62 + -87. Let u = 152 + d. What is the greatest common factor of 2 and u?
1
Let r = 4027 + -3707. Calculate the highest common divisor of r and 130.
10
Let z be 4/(-12)*512*9/(-6). Suppose 0 = 3*w + 4*l - z, 5*w + 2*l = 330 + 106. Calculate the greatest common divisor of 66 and w.
22
Let l(i) = 33*i - 184. Let q be l(18). Let z = -2 - -4. Suppose -p - 3*b - 196 = -6*p, z*p - 91 = -3*b. Calculate the greatest common divisor of q and p.
41
Suppose 0 = 1530*l - 1529*l - 5*b - 2291, -2*l = -b - 4537. What is the high